uppose -277 = -3*k - n. List the prime factors of k/6 + (-8)/(-12).
2, 7
Suppose -12 = -5*m + m. Let y be (-3)/9 - (-19)/m. Suppose -5*x + x - 4*p + 24 = 0, x = 5*p - y. What are the prime factors of x?
2
Let g(y) = -2*y - 5. Let j be g(-5). Let n = 10 - j. What are the prime factors of n?
5
Suppose 22 = -5*a - 18. Let k = -5 - a. What are the prime factors of k?
3
Let h = -28 + 43. Suppose 2*x + x = -33. Let m = h + x. What are the prime factors of m?
2
Let h = -18 - -13. Suppose -o = 5*v + 85, 0 = 3*v - 0*o + o + 53. Let w = h - v. List the prime factors of w.
11
Suppose 4*m + 4*g - 68 = -0*g, 0 = m + 4*g - 26. Suppose -m = -r + 1. What are the prime factors of r?
3, 5
Let k(y) = -6 - 2*y**2 + 3*y**2 + 2*y + 4. Let s be k(-3). Suppose -3*i = s - 19. List the prime factors of i.
2, 3
Let a = -7 - -11. List the prime factors of (a/(-6))/(3/(-54)).
2, 3
Let d be 18/14 + 6/(-21). Let c = 25 + d. Suppose c = 3*x - 4. What are the prime factors of x?
2, 5
Let c = 11 + -13. What are the prime factors of 28 + 8 + (-8)/c?
2, 5
Let i = 539 + -251. What are the prime factors of i?
2, 3
Let b be -4 - -2*(-12)/(-4). Suppose 5*o - d = -3*d + 104, -b*o + 38 = 2*d. What are the prime factors of o?
2, 11
Let x be 2*2*(-3 + 2). What are the prime factors of -27*(-1 + x/(-12))?
2, 3
Let z(b) be the second derivative of b**4/12 + 2*b**3/3 - 5*b**2 + 2*b. What are the prime factors of z(-7)?
11
Suppose 0 = 4*z + 20, 5*o - 4*z - 12 - 23 = 0. Let m be (-12)/1*3/(-2). Let j = m - o. What are the prime factors of j?
3, 5
Suppose -4*q = -449 - 423. What are the prime factors of q?
2, 109
Suppose x - 3 = 1. Let p(l) = -l + 2*l + x + 1. What are the prime factors of p(4)?
3
Suppose 4*z + 4 = h, -2*h - 5*z = -0*z + 5. Suppose 4*t - 55 = 5*u, h = 5*t - 2*u + u - 53. List the prime factors of t.
2, 5
Let n = 1 + 0. Let i(p) = -p - 3. Let v be i(-3). Suppose v = 3*w - n - 14. List the prime factors of w.
5
Let y = 7 - 4. Let t = y + 2. List the prime factors of t.
5
Suppose -m + 33 + 53 = 0. What are the prime factors of m?
2, 43
Let j be 44/(-36) + (-2)/(-9). Let h(p) = p**3 + 7*p**2 + 7. Let x be h(-7). Let o = j + x. What are the prime factors of o?
2, 3
Suppose u + 45 = 2*a + 2*u, 60 = 2*a - 4*u. What are the prime factors of a?
2, 3
Let j(w) = 64*w - 1. List the prime factors of j(1).
3, 7
Let u be (-1)/(1 - 9/6). Let x be ((-1)/(u/(-10)))/1. Suppose -4 - x = -z. What are the prime factors of z?
3
Let t(u) be the second derivative of -u**4/6 + 5*u**3/6 - 2*u**2 + 3*u. Let f be t(3). Let k = -5 - f. What are the prime factors of k?
2
Suppose -5*h - 5*y = -300, h = 4*y + 39 + 26. Let r = 113 - h. What are the prime factors of r?
2, 13
Suppose 5*s = 4*h + 57, -3*s + h + 48 = 2*s. List the prime factors of s.
3
Suppose -r + 12 = 3*r. Let y = 0 + r. Suppose y*a - j = 21, 4*a + 8*j - 28 = 3*j. List the prime factors of a.
7
What are the prime factors of (-2096)/(-10) - 18/(-45) - 1?
11, 19
Suppose -4*r + o = 12, -3*o - 8 = -3*r + 2*o. Let d(u) = -5 - u + 5*u**2 - 11*u**2 + 5*u**2 - 6*u. List the prime factors of d(r).
7
Let r be 0/(1 - 0) + -3. Let t be (-2)/r*12/8. List the prime factors of (t - -1) + 3*1.
5
Let a = 23 - -3. Suppose -5*r + 4*u = u - 46, -4*r - 3*u + a = 0. List the prime factors of r*(30/(-8))/(-5).
2, 3
Let l = 123 - 6. List the prime factors of l.
3, 13
Suppose 0 = -148*o + 147*o + 254. What are the prime factors of o?
2, 127
Suppose -3*p + 126 = -0*p. Suppose 0 = 5*v - 33 - p. What are the prime factors of v?
3, 5
Let s be (-2)/(((-4)/(-14))/(-1)). Let h(v) = v**3 - 7*v**2. Let t be h(s). Suppose t = -4*j - j + 20. What are the prime factors of j?
2
Let r be (-5)/(-3) - 3/(-9). Let h be ((-6)/r)/(-3)*2. Suppose -2*s = -5*k - 7, s + h*k = -0*s + 26. List the prime factors of s.
2
Let s be 1 + 2 + 0/(-2). Let u be (-1 - -2) + (26 - s). Suppose 2*o - 2*m = u, 7*o - 3*o = -4*m + 48. List the prime factors of o.
2, 3
Suppose 3*a + 4*b - 16 = 0, a - 16 = -4*b - 0*b. Let h(f) = -f - 1. Let d be h(-5). Suppose a = -d*t + 36 + 48. What are the prime factors of t?
3, 7
Suppose -4*m + 297 = r, m + 2*m + 4*r = 226. List the prime factors of m.
2, 37
Let d(l) = l**3 + 6*l**2 + 4*l + 3. Let y be d(-2). Suppose 2*b = 2*p + 6, 0 = -p - 2*b + y + 1. Let n = 1 + p. What are the prime factors of n?
3
Suppose -105 = -4*b + 35. Let k = -14 + b. Suppose -3*f + 14 = -0*f + 2*y, 5*y = -4*f + k. What are the prime factors of f?
2
Let b(d) = 3*d + 2. Let a(t) = 5*t + 3. Let v(j) = 3*a(j) - 7*b(j). What are the prime factors of v(-4)?
19
Suppose q - 2 + 6 = 0. Let w = 22 - q. List the prime factors of w.
2, 13
Suppose 3*m + 139 - 667 = 0. List the prime factors of m.
2, 11
Suppose 0 = -3*l + 4*y + 22, 2*y + 26 = 5*l - 2*y. Suppose -55*m - 25 = -60*m. Suppose -m = n - l*n. List the prime factors of n.
5
Let q(p) = -4*p - 9. Let l(k) = 9*k + 19. Let c(a) = -2*l(a) - 5*q(a). What are the prime factors of c(5)?
17
Let n be 4/(-6)*12/(-2). Suppose 3*m + 5*d + 13 = m, -n = 4*d. What are the prime factors of ((-26)/m)/((-6)/(-12))?
13
Suppose 954 + 2052 = 18*v. What are the prime factors of v?
167
Let j(m) = -m**2 - 13*m - 12. Let s be j(-11). Suppose -4*x - s = x. Let c(g) = -2*g**3 - 4*g**2 - 3*g - 1. List the prime factors of c(x).
5
Suppose 0 = 2*y, -t + 3*y = -y - 40. List the prime factors of t.
2, 5
Suppose 3*i - 63 = 2*i. What are the prime factors of i?
3, 7
Suppose 3*q - 233 = 2*r, q + 3*q + 3*r - 288 = 0. What are the prime factors of q?
3, 5
Let y(o) = 16*o + 29. List the prime factors of y(11).
5, 41
Suppose 234 - 26 = 4*d. Let v = d + -20. What are the prime factors of v?
2
Let p(j) = -j**3 - 5*j**2 - 5*j + 1. Let y be p(-4). Let n = -2 + 2. Suppose u + 4*f + 1 = n, 0*u - 24 = -2*u + y*f. List the prime factors of u.
7
Let w(h) = 5*h - 4. Let r(l) = 4*l - 3. Suppose -2*z = -4*k - 26, 2*k = -0*z - z - 7. Let m(g) = z*r(g) - 2*w(g). What are the prime factors of m(9)?
17
Let y(k) = -81*k + 5. Let w(f) = 16*f - 1. Let x(l) = 11*w(l) + 2*y(l). Suppose -3*z = -3, 9 = 2*g + 3*g + 4*z. List the prime factors of x(g).
13
Suppose f = 4*p - 13, f - 11 = -4*p - 0*p. List the prime factors of (-4)/(-6) - (-82)/p.
2, 7
Let w(y) = y**2 - 2*y - 3. Let c be w(4). Suppose 88 = c*a - a. List the prime factors of a.
2, 11
Let l = 24 - -4. Let h be (-4)/2 + (5 - -2). Suppose -l = -h*v + v. What are the prime factors of v?
7
Let f = 147 - 70. List the prime factors of f.
7, 11
Suppose 3*w = 6, -2*w - 105 + 25 = 3*f. List the prime factors of (f/6)/(14/(-21)).
7
Let k be (-2)/(-13) + 560/(-91). Let y = k + 13. List the prime factors of y.
7
What are the prime factors of ((-24)/(-10))/(6/200)?
2, 5
Let d = 604 - 1034. Let m be (-4)/6 + d/(-15). Suppose 4*j + 0*j - m = 0. What are the prime factors of j?
7
Let t(w) = -w**3 + 7*w**2 - 10*w + 9. Let o(x) = 2*x**2 + 4*x. Let g be o(-3). Let l be t(g). Let a = -6 - l. List the prime factors of a.
3
Suppose -2*c + 3*c = 0. Suppose -a + 8 = -z, -3*z - 16 = -c*a - a. Suppose -5*p + 15 = -o, 2*p - 3*o - 6 = -a*o. What are the prime factors of p?
3
Let b be -5*(-4 + 1/(-1)). Let u = 46 - b. Let d = -15 + u. What are the prime factors of d?
2, 3
Let m(i) = -21*i - 2. Let d be m(-2). Suppose 2*w + 0*w = d. Suppose 5*y - w = -0*y + 2*t, -2*y + 9 = -t. List the prime factors of y.
2
Suppose -2*r = -3*r + 4*h + 24, 0 = 4*r - 3*h - 31. Let g be r/(-6) + 2/3. Suppose g*j = 2*j - 14. List the prime factors of j.
7
Let v(r) = 2*r - 1. Let z be -10 + (-1 - 1) - 0. Let q = -7 - z. What are the prime factors of v(q)?
3
Let m = 12 + -7. Suppose -2*b - 31 = -3*b - 4*z, -m*b - 3*z = -70. What are the prime factors of b?
11
Let f(y) = -4*y - 5. Let c be ((-66)/9)/((-4)/(-6)). What are the prime factors of f(c)?
3, 13
Suppose -5*d + 14 = -3*d. List the prime factors of d.
7
List the prime factors of 10/(-5)*(-98)/4.
7
Suppose 4*w - 8 = 2*y, 5*y + 3 - 1 = 4*w. List the prime factors of w.
3
Let j be (-16)/(-10)*15/6. Suppose v + o - 20 = -j*o, 5*o - 25 = -2*v. List the prime factors of v.
5
Let h(g) = -g**3 + 4*g**2 + 6*g - 6. Let d be h(5). Let w = d + 32. What are the prime factors of w?
31
Let a be 5/(-15) + 14/6. Let t be (-1 + (-21)/(-6))*a. Suppose 5*w - 3*r = 1, -t*r + 10*r - 9 = 3*w. List the prime factors of w.
2
Let z(s) = 9*s - 3. Let n be z(-2). What are t